/49 - 78/91. Let x = 13 + -9. Suppose -x*d + 120 = -0*d. Calculate the greatest common divisor of d and n.
6
Suppose 1257 = -136*u + 1801. Calculate the highest common divisor of 14828 and u.
4
Let w = 248 - 28. Let x(a) = -a + 15. Let r be x(-5). What is the highest common divisor of w and r?
20
Let s(t) = 3*t**2 + 1. Let w = -80 + 81. Let c be s(w). Suppose -4*n + 4*v + 200 = 0, -c*n + 110 = -2*n - 4*v. Calculate the greatest common factor of n and 15.
15
Let g(y) = -152*y - 2678. Let b be g(-18). What is the highest common factor of 2146 and b?
58
Suppose 6*s = -6481 + 6535. Calculate the greatest common factor of 2961 and s.
9
Suppose -66*j = 55*j - 348480. What is the greatest common divisor of 15 and j?
15
Let f = 2431 - 2260. Let b = 52 - -347. What is the highest common divisor of b and f?
57
Let r = -6138 - -6319. What is the highest common divisor of 8 and r?
1
Let y be (6/9)/(5/30). Suppose y*u - 6*u + 3*u = 0. Suppose -s + 5*i - 11 = u, 2*s - 4*i + 0 = -4. What is the highest common divisor of 8 and s?
4
Suppose -3*x + d = -145, 30*d + 52 = x + 26*d. Calculate the highest common factor of x and 321.
3
Let d(h) = -h**2 + 278*h - 1094. Let b be d(4). Let u = -254 + 358. Suppose -3*o = -2*i - u, o - 33 = -b*i + 7. What is the highest common factor of 3 and o?
3
Let w be ((-1844)/(-10)*1)/(-4 + 2526/630). What is the highest common factor of 42 and w?
42
Let p be (102/9)/(4/6). What is the highest common factor of p and 2125?
17
Let f be 165 - (0 - 3 - -4)/((-2)/(-4)). What is the greatest common factor of f and 12877?
163
Let u be (80/(-6))/(3/(-9)). Let y(p) = 3679*p - 22064. Let j be y(6). What is the highest common factor of u and j?
10
Suppose 0 = -11912*y + 11913*y - 221. Calculate the highest common factor of y and 170.
17
Let m(a) = -34 - 3*a - a**2 - 17*a + 68. Let p be m(-18). What is the greatest common divisor of 56 and p?
14
Let k(l) = 36*l - 106. Let m be k(17). Let t = m - 387. Let x be (4/(-6))/(2/(-51)). What is the greatest common divisor of x and t?
17
Let w(p) = 1378*p - 4119. Let j be w(3). Calculate the greatest common factor of 3165 and j.
15
Let y be (3 + -5)/(42 - 32) - 162/(-10). What is the highest common divisor of y and 14?
2
Let x be 3/12 + (67100/16)/25. What is the greatest common factor of x and 768?
24
Suppose 5952 = -27*h + 59*h. Suppose -13*a = -h - 1218. What is the highest common factor of 135 and a?
27
Let c(o) = -23*o + 11*o - 249 - 19*o + 0*o + 140. Let a be c(-6). What is the highest common divisor of 49 and a?
7
Let u be 2 - (-4 + 1 - 3). Let k(d) = -d**2 - 42*d + 51. Let s be k(-41). Calculate the greatest common factor of s and u.
4
Suppose -5*d - t = -432, -4*d - t + 332 = -13. Let f be 696/(-16)*3/(27/(-6)). Calculate the highest common factor of f and d.
29
Let y = 71268 + -70817. Let j(p) = -5*p - 4. Let b be j(-3). Calculate the highest common divisor of b and y.
11
Suppose -5*c = -3*o + 8*o - 185, -3*c + 75 = 2*o. Let j = o - -27. Calculate the highest common divisor of 84 and j.
21
Let x = -9562 + 19165. What is the highest common divisor of x and 99?
99
Let i = -608 - -665. Calculate the highest common factor of 627 and i.
57
Let m be (-47000)/(-280) + (-4 + 2)/(-14). Calculate the highest common divisor of m and 108.
12
Suppose 12*w - 186624 = -6*w - 174*w. Calculate the greatest common factor of w and 63.
9
Let m(g) = 1289*g**3 - 2*g**2 + 1. Let u be m(1). Suppose 932*o - 7831 = 3967 + 47937 - 7543. What is the greatest common factor of o and u?
56
Suppose -o = -3 + 6. Let r = 2 - o. Suppose 0 = -587*a + 10671 + 21614. What is the highest common factor of r and a?
5
Let s be ((-28)/(-98))/(10/2170). Calculate the highest common divisor of 6758 and s.
62
Let z(o) = 2*o**2 - 13*o. Let b be z(12). Let v(l) = -2*l**2 - 187*l - 389. Let t be v(-91). What is the highest common factor of t and b?
66
Let k = -2872 - -4339. Suppose -1393 = -11*j + k. Calculate the greatest common divisor of 104 and j.
52
Let f = -8884 - -9343. Calculate the greatest common factor of 135 and f.
27
Let c(l) = 3*l**3 + l**2 - l. Let d be c(1). Suppose -d*u + 6 + 21 = 0. Suppose 2*x - 72 = x. Calculate the highest common factor of u and x.
9
Suppose -2*v - w = -15402, 3*v + 2*w - 23404 + 298 = 0. Calculate the greatest common divisor of v and 6.
6
Let l = -51 - -95. Let c = l + -38. Let a be (4/6 - c/(-18)) + 17. What is the greatest common factor of a and 9?
9
Suppose 0 = -17*v + 21*v + 19*v. Suppose 4*c = -5*x - 24 - 20, -28 = 4*x + 5*c. Let q be (x + -7)/(0 - v - 1). Calculate the greatest common factor of q and 95.
19
Let s be 697*1*(-84)/(-21). Calculate the greatest common factor of 68 and s.
68
Suppose -h = -4*p + 7, 11*p = 2*h + 6*p + 5. Let m be 54/h*160/24. Let j = m - 63. What is the highest common divisor of j and 9?
9
Suppose -3*k + 120 = 4*z, 3*z = -5*k + 126 + 63. Let r = -24445 - -24465. What is the highest common factor of r and k?
4
Suppose -1142 = -5*m - 0*g + g, 1148 = 5*m - 4*g. Suppose -w - 73 = -m. Suppose -3*i = 2*i - w. Calculate the highest common factor of i and 124.
31
Let v(f) = 3*f - 7. Let m be v(-6). Let h = m + 40. Suppose 1911*d = 1934*d - 230. Calculate the highest common factor of h and d.
5
Let o(b) = -b**3 + 16*b**2 + 53*b - 146. Let y be o(16). What is the highest common factor of y and 54?
54
Let n(p) be the second derivative of p**3/2 - 21*p**2 - 2*p. Let u = -1866 + 1890. Let o be n(u). Calculate the greatest common divisor of 10 and o.
10
Let b(y) = -35*y + 10. Let f(k) = -18*k + 4*k - 59*k**2 - 4 + 58*k**2. Let q be f(-14). Let z be b(q). What is the highest common factor of 30 and z?
30
Let s(y) = y + 42. Let r be s(-2). Suppose -42*k = -r*k - 50. Calculate the greatest common factor of k and 20.
5
Let z be (-480)/(-60) + 0*2/(-4). Calculate the greatest common factor of z and 14.
2
Let y(p) be the second derivative of 5*p**5/2 + p**4/6 - p**3/6 - p**2 - 16*p - 3. Let z be y(1). Calculate the highest common factor of 21 and z.
7
Let p be 39/2 + (5/10 - 0). Let x be 2/(-3)*57/2. Let a = x + p. Calculate the highest common divisor of 1 and a.
1
Let m(a) = 438*a + 3591. Let l be m(-8). Calculate the greatest common factor of 34104 and l.
87
Let m(t) = t**2 - 18*t - 29. Let w be m(20). Suppose -37*p + j + 261 = -33*p, 4*p = -3*j + 273. What is the greatest common divisor of p and w?
11
Let r = 206 - -19. Let s = r + -202. What is the greatest common factor of s and 23?
23
Let q(x) = -x**2 + 27*x - 48. Let r be q(24). Let g = -113 + 121. Calculate the highest common factor of r and g.
8
Let p be (-2)/(-2)*(5 - (4 - -1)). Let g(o) = -o**3 - o**2 + 4*o + 110. Let a be g(p). Calculate the greatest common divisor of 44 and a.
22
Let c(j) = 92*j - 208. Let i be c(5). Calculate the greatest common divisor of 609 and i.
21
Let b(m) = m**3 + 38*m**2 + 101*m - 48. Let o be b(-35). What is the greatest common divisor of o and 8?
4
Let t be (-1 - -5)/(475/(-80) - -6). Let u = t + -62. Suppose 0 = -w + u*p + 12, 2*p - p = 3*w - 51. Calculate the greatest common factor of 2 and w.
2
Let o(y) = 57 + 55 - 112 - 6*y. Suppose 4*p + 5 = -3. Let r be o(p). What is the highest common factor of 84 and r?
12
Let a be ((1 + -4)/3)/((-2)/8). Suppose m - 4 = -5*s + 27, -a = -2*s. Suppose -m - 15 = -3*l. Calculate the greatest common factor of l and 192.
12
Let u(h) = 2*h**2 - 8*h - 19. Let g be u(6). Suppose 0 = -o + g*y + 301, -2*o + 2*y + 36 = -550. What is the greatest common divisor of 97 and o?
97
Suppose -4*m + 312 = 3*z, 3*m + 77 = 5*z - 385. Suppose 0*k + 48 = 2*k. What is the greatest common divisor of z and k?
24
Let n = -741 - -897. Suppose -n = 61*v - 87*v. What is the highest common factor of v and 6?
6
Let c(b) = 5*b - 19. Let s be c(7). Let j be ((-9)/6)/((-6)/s). Let t be 0/((-8)/2)*1 - -28. Calculate the highest common factor of j and t.
4
Suppose a - 162 = -36. Suppose 70 = -f + 2*z, -3*f + 2*z + 146 = -5*f. Let q = f - -90. What is the highest common divisor of a and q?
18
Let b(i) = 36*i - 603. Let l be b(22). Calculate the greatest common divisor of l and 729.
27
Suppose 0 = -5259*n + 5285*n - 286. What is the greatest common divisor of n and 117?
1
Let q be 255/(-50) + 5 + (-632346)/(-260). What is the highest common factor of q and 104?
8
Suppose 5*f + h - 5*h - 183 = 